 the greatest common divisor of 920 and 15.
5
What is the highest common divisor of 7 and 14?
7
Calculate the greatest common divisor of 30 and 25.
5
What is the greatest common factor of 763 and 203?
7
Calculate the greatest common factor of 805 and 140.
35
What is the greatest common factor of 1313 and 808?
101
What is the greatest common factor of 16 and 3568?
16
Calculate the greatest common factor of 20677 and 58.
29
What is the greatest common factor of 21410 and 30?
10
What is the highest common factor of 532 and 6251?
133
Calculate the greatest common divisor of 47 and 50290.
47
Calculate the greatest common divisor of 1377 and 81.
81
Calculate the highest common divisor of 48 and 3180.
12
Calculate the greatest common divisor of 48 and 96.
48
Calculate the highest common factor of 8 and 152.
8
Calculate the greatest common divisor of 648 and 288.
72
What is the greatest common divisor of 870 and 60?
30
What is the greatest common divisor of 405 and 20817?
81
Calculate the highest common divisor of 64 and 16448.
64
What is the highest common factor of 6 and 84?
6
Calculate the greatest common divisor of 299 and 4.
1
Calculate the highest common divisor of 7199 and 92.
23
What is the greatest common factor of 4355 and 130?
65
Calculate the highest common divisor of 10125 and 81.
81
What is the highest common factor of 612 and 288?
36
Calculate the greatest common divisor of 144 and 666.
18
What is the highest common divisor of 51 and 17?
17
What is the highest common factor of 60 and 705?
15
What is the greatest common factor of 4589 and 91?
13
Calculate the highest common divisor of 48 and 6.
6
Calculate the highest common divisor of 2343 and 426.
213
What is the highest common factor of 1860 and 2139?
93
Calculate the highest common divisor of 22 and 165.
11
Calculate the highest common factor of 132 and 9306.
66
What is the highest common divisor of 344 and 8?
8
Calculate the greatest common divisor of 200 and 160.
40
What is the highest common divisor of 516 and 1462?
86
Calculate the highest common factor of 1420 and 50.
10
Calculate the greatest common factor of 1079 and 26.
13
Calculate the greatest common divisor of 21141 and 29.
29
What is the highest common factor of 48 and 72?
24
What is the greatest common factor of 750 and 24?
6
What is the highest common factor of 297 and 66?
33
Calculate the greatest common factor of 155 and 2449.
31
Calculate the highest common divisor of 4480 and 35.
35
What is the highest common factor of 24 and 246?
6
What is the highest common divisor of 184 and 115?
23
What is the greatest common divisor of 396 and 88?
44
Calculate the greatest common divisor of 72 and 396.
36
Calculate the greatest common factor of 37 and 185.
37
What is the greatest common divisor of 42 and 1750?
14
What is the greatest common divisor of 235 and 423?
47
Calculate the greatest common divisor of 78 and 26.
26
Calculate the highest common divisor of 19 and 10488.
19
What is the greatest common factor of 1776 and 96?
48
Calculate the greatest common factor of 624 and 39.
39
What is the highest common factor of 14 and 3164?
14
What is the highest common divisor of 31 and 9827?
31
What is the greatest common factor of 374 and 143?
11
Calculate the greatest common factor of 656 and 246.
82
Calculate the greatest common divisor of 5018 and 26.
26
What is the greatest common factor of 18 and 19638?
18
Calculate the greatest common factor of 18 and 3222.
18
What is the highest common divisor of 65 and 3185?
65
What is the greatest common divisor of 588 and 1416?
12
What is the highest common divisor of 105 and 3955?
35
What is the highest common factor of 124 and 62?
62
Calculate the highest common factor of 20 and 116.
4
What is the greatest common divisor of 12 and 96?
12
Calculate the greatest common factor of 102 and 6.
6
What is the greatest common factor of 4695 and 45?
15
What is the greatest common divisor of 316 and 3397?
79
What is the highest common factor of 5293 and 67?
67
What is the highest common factor of 90 and 13005?
45
Calculate the highest common factor of 24 and 1272.
24
What is the highest common factor of 54 and 106?
2
Calculate the highest common factor of 11955 and 15.
15
What is the highest common divisor of 664 and 88?
8
What is the greatest common divisor of 30 and 165?
15
Calculate the highest common factor of 1600 and 625.
25
What is the greatest common divisor of 165 and 132?
33
What is the greatest common factor of 212 and 371?
53
Calculate the highest common divisor of 21 and 5271.
21
What is the highest common factor of 2910 and 30?
30
What is the highest common divisor of 30 and 475?
5
What is the highest common factor of 117 and 6071?
13
Calculate the greatest common divisor of 2560 and 20.
20
Calculate the highest common factor of 748 and 396.
44
What is the highest common divisor of 3 and 45411?
3
Calculate the highest common divisor of 2973 and 3.
3
Calculate the greatest common factor of 64602 and 74.
74
Calculate the highest common factor of 240 and 620.
20
What is the greatest common divisor of 32 and 1888?
32
What is the greatest common divisor of 399 and 357?
21
Calculate the greatest common factor of 7 and 1.
1
What is the greatest common divisor of 30 and 4485?
15
What is the highest common factor of 26 and 18694?
26
What is the greatest common factor of 28270 and 11?
11
Calculate the greatest common divisor of 3069 and 5022.
279
What is the greatest common divisor of 432 and 4428?
108
What is the highest common divisor of 12 and 5514?
6
Calculate the highest common divisor of 2109 and 57.
57
What is the greatest common divisor of 600 and 2850?
150
Calculate the highest common factor of 6499 and 134.
67
Calculate the greatest common factor of 96 and 640.
32
Calculate the highest common divisor of 9799 and 82.
41
What is the highest common factor of 28 and 3500?
28
What is the greatest common divisor of 88 and 330?
22
Calculate the greatest common divisor of 851 and 925.
37
What is the highest common divisor of 10 and 270?
10
What is the highest common factor of 15 and 645?
15
Calculate the highest common divisor of 50 and 1850.
50
What is the highest common factor of 118 and 118?
118
Calculate the greatest common divisor of 14 and 742.
14
What is the greatest common factor of 1384 and 6?
2
What is the highest common divisor of 108 and 48?
12
What is the greatest common factor of 342 and 54?
18
Calculate the highest common divisor of 1178 and 8.
2
What is the greatest common factor of 1168 and 272?
16
Calculate the greatest common factor of 165 and 385.
55
Calculate the greatest common divisor of 1666 and 28.
14
What is the greatest common divisor of 135 and 27?
27
Calculate the highest common divisor of 297 and 108.
27
What is the highest common divisor of 14 and 4622?
2
Calculate the greatest common divisor of 114 and 2679.
57
Calculate the highest common divisor of 108 and 1323.
27
Calculate the highest common divisor of 1 and 25.
1
Calculate the highest common divisor of 77 and 176.
11
What is the greatest common factor of 3556 and 28?
28
Calculate the greatest common factor of 48 and 208.
16
Calculate the highest common divisor of 18156 and 408.
204
Calculate the greatest common divisor of 76 and 2052.
76
Calculate the highest common divisor of 60 and 1780.
20
What is the greatest common divisor of 34 and 272?
34
What is the highest common divisor of 58 and 20242?
58
What is the greatest common factor of 50 and 10?
10
Calculate the highest common divisor of 141 and 1363.
47
What is the highest common divisor of 19241 and 142?
71
What is the greatest common divisor of 8 and 1096?
8
Calculate the highest common factor of 4543 and 231.
77
Calculate the greatest common divisor of 117 and 65.
13
What is the highest common divisor of 36 and 24?
12
What is the greatest common divisor of 2205 and 35?
35
What is the greatest common divisor of 604 and 8?
4
Calculate the highest common divisor of 969 and 51.
51
What is the highest common divisor of 148 and 185?
37
What is the greatest common factor of 322 and 46?
46
Calculate the highest common divisor of 24272 and 888.
296
What is the greatest common factor of 75 and 355?
5
Calculate the highest common divisor of 36 and 27.
9
Ca